or of 5612 and 92?
92
Calculate the highest common factor of 1340 and 20.
20
Calculate the highest common factor of 132 and 96.
12
What is the greatest common factor of 163 and 1?
1
Calculate the highest common divisor of 91 and 143.
13
What is the highest common factor of 7980 and 540?
60
Calculate the greatest common divisor of 342 and 21774.
114
What is the greatest common divisor of 503 and 1?
1
Calculate the highest common divisor of 294 and 42.
42
What is the greatest common divisor of 10 and 5770?
10
What is the greatest common divisor of 525 and 30?
15
Calculate the greatest common factor of 405 and 162.
81
What is the highest common divisor of 10290 and 180?
30
What is the highest common factor of 816 and 72?
24
What is the highest common divisor of 52 and 1378?
26
Calculate the highest common factor of 49 and 7889.
49
What is the highest common factor of 60 and 790?
10
Calculate the greatest common divisor of 4394 and 26.
26
Calculate the highest common divisor of 96 and 3.
3
What is the highest common divisor of 176 and 1463?
11
What is the greatest common factor of 365 and 5?
5
What is the greatest common factor of 207 and 368?
23
Calculate the highest common divisor of 2505 and 195.
15
What is the highest common factor of 5 and 55?
5
Calculate the highest common divisor of 1235 and 13.
13
Calculate the highest common factor of 67 and 79.
1
What is the greatest common factor of 388 and 5626?
194
Calculate the greatest common factor of 276 and 368.
92
What is the greatest common factor of 43 and 19?
1
Calculate the highest common factor of 4171 and 43.
43
What is the highest common factor of 282 and 15651?
141
Calculate the highest common factor of 4771 and 13.
13
Calculate the highest common factor of 140 and 100.
20
Calculate the greatest common factor of 192 and 294.
6
What is the highest common divisor of 138 and 42366?
138
What is the highest common divisor of 12 and 1380?
12
Calculate the highest common divisor of 63 and 147.
21
Calculate the greatest common factor of 1062 and 18.
18
What is the greatest common divisor of 44 and 253?
11
What is the highest common divisor of 154 and 42?
14
Calculate the greatest common factor of 46 and 299.
23
Calculate the greatest common divisor of 204 and 36.
12
What is the highest common divisor of 396 and 88?
44
Calculate the highest common factor of 63 and 707.
7
Calculate the highest common divisor of 11 and 891.
11
What is the highest common factor of 150 and 225?
75
Calculate the greatest common factor of 3751 and 31.
31
What is the greatest common divisor of 3984 and 96?
48
Calculate the greatest common divisor of 875 and 217.
7
What is the highest common divisor of 22761 and 81?
81
What is the greatest common factor of 160 and 5?
5
Calculate the greatest common divisor of 143 and 473.
11
What is the greatest common factor of 124731 and 9?
9
What is the highest common divisor of 88 and 33?
11
What is the greatest common divisor of 5010 and 120?
30
Calculate the highest common divisor of 517 and 893.
47
What is the highest common divisor of 2795 and 13?
13
Calculate the greatest common divisor of 5568 and 132.
12
What is the greatest common factor of 2250 and 18?
18
What is the highest common divisor of 2788 and 136?
68
What is the greatest common factor of 1830 and 110?
10
What is the highest common factor of 17763 and 93?
93
What is the greatest common factor of 221 and 17?
17
What is the highest common factor of 55 and 330?
55
Calculate the greatest common factor of 495 and 360.
45
What is the highest common divisor of 365 and 73?
73
What is the greatest common divisor of 2200 and 176?
88
Calculate the highest common factor of 220 and 330.
110
What is the greatest common divisor of 22 and 594?
22
What is the greatest common divisor of 192 and 144?
48
Calculate the highest common factor of 7 and 11613.
7
What is the greatest common divisor of 40 and 65?
5
Calculate the greatest common divisor of 936 and 22776.
312
Calculate the greatest common divisor of 10 and 130.
10
Calculate the greatest common divisor of 5096 and 2002.
182
What is the greatest common factor of 44 and 1100?
44
What is the highest common factor of 48 and 256?
16
Calculate the highest common divisor of 5763 and 561.
51
Calculate the highest common divisor of 1144 and 88.
88
What is the greatest common factor of 85 and 306?
17
Calculate the greatest common divisor of 21 and 23772.
21
Calculate the highest common divisor of 33 and 7953.
33
What is the highest common divisor of 5264 and 14?
14
What is the greatest common divisor of 49 and 6125?
49
Calculate the greatest common factor of 957 and 174.
87
Calculate the greatest common divisor of 545 and 15.
5
Calculate the greatest common factor of 102 and 68.
34
What is the highest common factor of 111 and 4107?
111
Calculate the highest common divisor of 90 and 12.
6
What is the greatest common divisor of 130 and 208?
26
Calculate the highest common factor of 63 and 11046.
21
What is the highest common divisor of 360 and 1035?
45
What is the greatest common divisor of 12 and 6108?
12
Calculate the greatest common divisor of 62 and 1426.
62
Calculate the highest common factor of 50 and 70.
10
Calculate the greatest common divisor of 42 and 15974.
14
Calculate the greatest common divisor of 25160 and 592.
296
What is the highest common divisor of 93 and 31?
31
Calculate the highest common factor of 154 and 56.
14
Calculate the highest common divisor of 71 and 213.
71
What is the highest common divisor of 116 and 1450?
58
What is the greatest common divisor of 6086 and 17?
17
What is the highest common divisor of 28 and 12?
4
Calculate the greatest common divisor of 41 and 1681.
41
What is the greatest common factor of 168 and 48?
24
What is the greatest common divisor of 22 and 1584?
22
Calculate the highest common factor of 65 and 845.
65
What is the greatest common divisor of 136 and 476?
68
Calculate the highest common divisor of 279 and 651.
93
What is the greatest common divisor of 1716 and 7524?
132
Calculate the highest common divisor of 12 and 51.
3
Calculate the highest common factor of 3408 and 96.
48
What is the greatest common divisor of 8 and 128?
8
What is the highest common divisor of 4012 and 177?
59
What is the highest common factor of 51 and 544?
17
What is the greatest common factor of 162 and 27?
27
Calculate the greatest common divisor of 48 and 13232.
16
What is the highest common divisor of 116 and 725?
29
What is the highest common factor of 588 and 3444?
84
Calculate the highest common factor of 180 and 116.
4
What is the greatest common divisor of 124 and 44?
4
Calculate the highest common factor of 4077 and 54.
27
What is the highest common factor of 2052 and 608?
76
Calculate the greatest common divisor of 2977 and 13.
13
Calculate the highest common divisor of 17871 and 37.
37
Calculate the greatest common divisor of 81 and 972.
81
What is the greatest common factor of 96 and 3?
3
Calculate the greatest common divisor of 170 and 476.
34
What is the greatest common factor of 65 and 52?
13
What is the highest common factor of 235 and 141?
47
What is the greatest common factor of 23 and 5589?
23
Calculate the highest common factor of 7800 and 250.
50
Calculate the greatest common divisor of 4240 and 32.
16
Calculate the highest common factor of 156 and 78.
78
Calculate the highest common divisor of 53 and 53.
53
Calculate the greatest common divisor of 224 and 288.
32
Calculate the greatest common divisor of 6 and 894.
6
Calculate the greatest common divisor of 322 and 14.
14
What is the greatest common factor of 5206 and 3562?
274
What is the greatest common divisor of 45 and 255?
15
Calculate the greatest common factor of 83 and 830.
83
What is the highest common factor of 3904 and 122?
122
Calculate the highest common factor of 115 and 276.
23
What is the highest common factor of 13795 and 930?
155
What is the highest common factor of 96 and 10680?
24
What is the greatest common factor of 18927 and 54?
27
What is the greatest common factor of 6 and 246?
6
Calculate the greatest common divisor of 32872 and 280.
56
What is the highest common divisor of 85 and 102?
17
Calculate the highest common divisor of 29 and 18763.
29
Calculate the hi